i - 9. Let m(f) = -f + 5. Let g(q) = 2*j(q) + 5*m(q). Give g(12).
-5
Let q = -19 + 9. Let y(t) = 2*t - 4. Let p(i) = 2*i - 7. Let c(d) = -5*p(d) + 6*y(d). Determine c(q).
-9
Let z(w) be the third derivative of -w**5/60 - w**4/4 - 5*w**3/6 + 100*w**2. Determine z(-7).
-12
Suppose 2*y + 1 = -3. Let o be (-4)/((-9)/(27/y)). Let w = o - -1. Let l(h) = -h**2 - 5*h - 2. Calculate l(w).
-2
Let a(y) = -y - 2. Let t be a(-6). Suppose 0 = -2*b + 3*b + 3*z - 4, -20 = -5*b + t*z. Let w(q) = q**2 - 7*q. What is w(b)?
-12
Suppose 0 = -0*a + 13*a + 52. Let n(h) be the first derivative of 2*h**2 + 3*h + 10. Determine n(a).
-13
Let q = -14 - -16. Suppose q*v - 1 = 3. Suppose 0 = -2*t + 3*t + 1, -5*p + v*t + 7 = 0. Let a(k) = -5*k**3 - k**2 + k - 1. Determine a(p).
-6
Let z(t) be the first derivative of -t**4/4 + t**2/2 + 2*t + 160. Calculate z(0).
2
Suppose 79 = -81*a - 407. Let m(y) = -2*y + 1. What is m(a)?
13
Let v(o) = 2*o - 17. Let z(n) = n - 3. Let t(k) = -v(k) + 6*z(k). What is t(-2)?
-9
Let n(m) = -2*m**2 - 8*m - 10. Let w(o) = -o**2 - 9*o - 9. Let k(u) = -2*n(u) + 3*w(u). What is k(6)?
-37
Let w(v) = -v + 6. Let c(b) = -b + 9. Let a(s) = 3*c(s) - 2*w(s). Suppose p - 3 = -2*o, -p - 2*p - 27 = -3*o. Suppose o*x = -0*x. Calculate a(x).
15
Let k = -77 + 70. Let t(z) = z + 14. Give t(k).
7
Let q = -230 - -244. Let a(r) = r**3 - 13*r**2 - 13*r - 12. Calculate a(q).
2
Let l(b) be the first derivative of b**3/3 - 9*b**2/2 - b + 119. Determine l(9).
-1
Let u(g) be the second derivative of g**3/6 + 3*g**2 + g - 41. Let p = -11 - -6. Determine u(p).
1
Let r be 1*-9 + -1 - 1. Suppose 2*x - 32 = f, -x = x + 3*f - 32. Let i = r + x. Let g(y) = y**2 - 6*y + 3. What is g(i)?
-2
Suppose n + 1 = v - 2*n, 3*v - 9 = 3*n. Let s(p) = v*p - p - 10 + 1. Let t be s(3). Let c(j) = j**3 + j**2 - j - 15. Determine c(t).
-15
Let p(o) = -11*o + 5*o + 4*o. Let r(y) be the third derivative of -5*y**4/12 + 2*y**2. Let b(m) = -14*p(m) + 3*r(m). Give b(-2).
4
Let h = 40 + -44. Let t(g) = 2*g**2 - 2*g - 1. Let d(o) = -o**2 - o. Let y(v) = -3*d(v) - t(v). Determine y(h).
-3
Let y = 6 + -3. Let u(f) = f - 4*f - y - 3*f + 5*f. Suppose 2 - 10 = 4*v. What is u(v)?
-1
Let s(w) = 4*w - 10. Let h(u) = 3*u - 6. Let y(p) = -3*h(p) + 2*s(p). Calculate y(-7).
5
Suppose -98 = 27*a + 118. Let k(j) = j + 16. Determine k(a).
8
Let c(y) be the second derivative of y**5/20 - y**4/12 - 2*y**3/3 - 3*y**2/2 + 2*y. Suppose -5*v + 21 = 2*g, 11 + 16 = -g + 5*v. What is c(g)?
-7
Suppose 0 = 9*v - 15*v + 54. Suppose -v*u + 12 + 15 = 0. Let t(p) = 2*p**2 + p - 3. Calculate t(u).
18
Suppose -12*d + 78 = 23*d - 9*d. Let n(u) = -u**3 + 0 + 6*u**2 - 2 - 2*u - u. What is n(d)?
16
Let g(a) = -11*a + 160. Let y be g(15). Let b(h) = -h**3 - 6*h**2 - 4*h - 10. Give b(y).
-15
Let h(z) = -z**2 + 8*z - 1. Let o(t) = t**3 - 8*t**2 + t + 1. Let x be o(8). Give h(x).
-10
Let q be (4 - 4/(-1))/(-1). Let a = q - -6. Let g(c) = -2*c**3 - 2*c**2 - 1. What is g(a)?
7
Let g(u) = -2*u - 4. Suppose i = 4*y - 33, -4*y = -2*y - 10. Let b(p) = -p**3 - 11*p**2 + 27*p + 8. Let n be b(i). Calculate g(n).
6
Let z(o) = o**2 + 5*o + 6. Let w(u) = -3*u - 2. Let p(g) = -2*g - 1. Let h(q) = 5*p(q) - 3*w(q). Suppose n + 0 = 1. Let k(a) = n*z(a) - h(a). Determine k(-5).
0
Let s(m) = -17*m**2 - 4*m. Let n(y) = -3*y + 9*y - 7*y - y**2. Let l(k) = -5*n(k) + s(k). Give l(1).
-11
Let z(u) be the first derivative of u**3/3 - 3*u**2 + 6*u + 74. Give z(5).
1
Let i(k) = -k**2 + 5*k + 3. Let p be i(5). Let a(b) = -7 - b**2 + 5*b + p*b - 3*b. Give a(5).
-7
Let l(v) = -v**3 + 6*v**2 + 7*v - 2. Suppose -24*b - 154 + 322 = 0. Calculate l(b).
-2
Let f = 27 + -24. Let k(u) = u**3 - 4*u**2 + 4*u - 1. Let h be k(f). Let v(t) = t**3 - 3*t**2 + t + 1. Calculate v(h).
-1
Let o(q) = -2*q**2 - 15*q - 14. Let h be o(-7). Let r(f) = f**2 + 7*f - 1. Determine r(h).
-1
Let j(o) = 4*o + 2. Let l = -865 - -861. Calculate j(l).
-14
Let r(g) = -5*g**2 + 1 + g**2 + 6*g**2 - 7*g - 5. Let n be r(6). Let z = n - 21. Let a(k) = k**2 - 7*k + 5. Give a(z).
-5
Suppose -q + 0*q = 5, -4*c - 19 = 3*q. Let t be (-1)/(40/44 + c). Let g(i) = 3*i + 4*i**2 + 5*i + 5 - t*i + i**3. What is g(-5)?
-5
Let s(p) be the first derivative of 2*p**2 - p - 202. Calculate s(6).
23
Let f(l) = -14*l + 3*l**2 + 13 - 20 + 13*l. Give f(3).
17
Let r(o) be the second derivative of -13*o - 1/12*o**4 + 0 + 3*o**2 + 7/6*o**3. Give r(6).
12
Let t(z) be the first derivative of -z**3/3 + z**2/2 + z - 82. Give t(5).
-19
Let l(z) = z**3 - z**2 - z + 18. Let x be 0*(-12)/48*(1 - 2). What is l(x)?
18
Let s be -3*(-4 - (-20)/(-12)). Suppose -4*l = 5*u - 33, 2*l - l - s = -3*u. Let r(v) = -3*v**2 + 2. Give r(l).
-10
Let u(w) be the second derivative of 1/2*w**3 + 0 - w**2 + 3*w. What is u(3)?
7
Let t be (16/10 - 12/20) + 5. Let n(g) = 6*g - 3. Let c(z) = 7*z - 4. Let f(l) = 5*c(l) - 6*n(l). Give f(t).
-8
Let k(g) = g**2 + g - 5. Suppose 0 = 4*h - 1 - 15. Suppose 2*n + h = d, -n + 0*n = 2*d - 3. Suppose -y = 2*y - 2*p + d, y = 2*p - 2. Calculate k(y).
-5
Let t(f) = -f. Let r(i) = -i**2. Let m(c) = 23*c**3 - 3*c**2 - 8*c + 1. Let g(a) = -m(a) + 5*r(a). Let j(s) = g(s) + 6*t(s). Determine j(1).
-24
Let k(z) = 20 + 16 + 15 + 5*z - 71 + 19. Suppose 6 = 4*c - 6*c. What is k(c)?
-16
Let a(w) = w - 23. Let l be 38/57 + (-46)/(-3). Let h be a(l). Let x(b) = b**3 + 8*b**2 + 7*b - 10. Calculate x(h).
-10
Let h(g) = -2*g - 6. Let f(w) = w**2 + 80*w - 523. Let b be f(6). What is h(b)?
8
Let h be 0 - (1 + 41)/2. Let z = h + 26. Let w(a) be the first derivative of a**2/2 + 2*a - 12. What is w(z)?
7
Suppose -5*y + 5*s - 5 = 0, 2*y + 3 = -3*s + 6*s. Let f(c) = c**2 - c - 41. Calculate f(y).
-41
Let i = -12 - -14. Let a(w) = -i - 2 - w - 5*w + 4*w. Let d be 4/(-14) + 90/21. Give a(d).
-12
Let k(f) be the first derivative of -f**4/24 - 2*f**3/3 + 37*f**2/2 + 18. Let h(x) be the second derivative of k(x). Determine h(8).
-12
Let n(f) be the third derivative of -f**6/120 + f**5/10 - 5*f**4/24 + f**3 + 5*f**2 + 3. Determine n(4).
18
Let d(q) = -q**3 - 10*q**2 - 6*q - 10. Let h = 608 - 617. Determine d(h).
-37
Let k(h) = h + 9. Let s be k(-7). Let f(p) = -11 + 12 + 1 - 3*p. What is f(s)?
-4
Let q(w) = -9*w + 1. Let p(m) = -4*m + 1. Let o(f) = -7*p(f) + 3*q(f). Let i = -5368 + 5374. Calculate o(i).
2
Let o(d) = -d**3 - 6*d**2 - 5. Let f(z) = -z**3 + 3*z + 3. Let y(v) = 2*v**3 - 5*v - 5. Let p(k) = -5*f(k) - 3*y(k). Let r(m) = -o(m) + 2*p(m). Calculate r(6).
5
Let u(c) = -c**2 + 4. Suppose 5*m + 33 - 5 = -3*l, -3*l = -m - 2. Give u(m).
-21
Let v(k) be the third derivative of k**5/60 - k**4/6 - k**3 + 71*k**2. What is v(5)?
-1
Let h(j) = -2*j**2 - 4*j + 4. Let q(x) = x**3 + x - 1. Let a be q(1). Suppose 13*r - 8*r - 4*c = -a, -5*c = 2*r - 26. Calculate h(r).
-26
Let i(v) be the second derivative of v**5/20 - 7*v**4/12 - 5*v**3/3 + 7*v**2/2 + v + 17. Calculate i(8).
-9
Let y(u) = -u**2 + u - 5. Let b(z) = -4*z**2 + 5*z - 17. Let q(w) = -2*b(w) + 7*y(w). Determine q(-1).
3
Let t(j) = j**2 + 8*j - 10. Let o(s) = -s**2 + 13*s - 39. Let y be o(3). Calculate t(y).
-1
Let f(b) be the third derivative of -b**5/60 + 2*b**3/3 - 157*b**2. Calculate f(0).
4
Let r(l) = l. Suppose 0*k + k = -4. Let c = 6 + k. Suppose -4*q = 3*f + 36, 2*f = -q + 3*f - c. Give r(q).
-6
Let o be (130/104)/(2/8). Let j(p) = -3*p - 6. Determine j(o).
-21
Let h(f) = -f**3 - 3*f**2 + 3. Let a(d) = 2*d + 20. Let y be a(-10). Suppose y = -3*c - 8 - 1. Calculate h(c).
3
Let m = -2 - 1. Let o(f) = -7*f + 38. Let s(k) = -15*k + 82. Let y(t) = 13*o(t) - 6*s(t). Give y(m).
5
Let s be 3/(5 - 2) + 0 + -9. Let p(k) = 2*k - 6. Let w(u) = 5*u - 17. Let d(z) = s*p(z) + 3*w(z). What is d(-6)?
3
Let l = -10 + 10. Let s(x) = 6 + 2*x + l*x - 5*x + 4*x. Let p be ((-21)/(-2))/7*-2. Determine s(p).
3
Let p(s) = 60*s**2 + 2*s + 1. Suppose -18 = -2*b + 4*n, 3*b = 2*n + 2 + 5. Give p(b).
59
Let m(h) = h**3 + 4*h**2 - 5*h - 10. Suppose 0 = 80*o - 114*o - 136. Calculate m(o).
10
Let j(a) = -5 + 2*a + 6 - 4*a**3 + 0*a**3 + 0 - 8*a**3. Give j(-1).
11
Suppose -4*l - l = 0. Suppose l = -2*a + 9 - 1. Let r(k) = 5*k**3 + 8*k - a + 2*k**3 - 4*k**3 - 7*k**2 - 2*k**3. Give r(6).
8
Let a be ((-3)/(-2)*4)/(-1). Let f(h) be the first derivative of 2*h**2 + 9*h + 649. Calculate f(a).
-15
Let x(m) be the first derivative 